{"id":874,"date":"2019-02-14T07:54:28","date_gmt":"2019-02-14T06:54:28","guid":{"rendered":"https:\/\/www.pecht.info\/wordpress\/pecht-info-klassik\/"},"modified":"2022-05-19T12:43:18","modified_gmt":"2022-05-19T11:43:18","slug":"pecht-info-klassik","status":"publish","type":"page","link":"https:\/\/www.pecht.info\/wordpress\/pecht-info-klassik\/","title":{"rendered":"pecht.info Klassik"},"content":{"rendered":"\n<h2 class=\"alignfull has-text-align-center has-background-color has-vivid-cyan-blue-background-color has-text-color has-background has-medium-font-size wp-block-heading\" style=\"font-style:normal;font-weight:700;margin-top:5px;margin-right:0px;margin-bottom:10px;margin-left:0px\">pecht.info Klassik<\/h2>\n\n\n\n<p>Sie haben das <strong>alte pecht.info<\/strong>, so wie Sie es von 1999 bis Ende 2018 kannten, weiterhin als Archiv f\u00fcr fr\u00fchere Texte zur Verf\u00fcgung &#8211; wir nennen es <strong>pecht.info Klassik<\/strong>.<\/p>\n\n\n\n<h3 class=\"has-medium-font-size wp-block-heading\" style=\"font-style:normal;font-weight:700\"><a href=\"https:\/\/pecht.info\/klassik\" target=\"_blank\" rel=\"noopener\">Hier kommen sie zu allen Artikel seit 1999 bis Dezember 2018<\/a><\/h3>\n\n\n\n<figure class=\"wp-block-image\"><a href=\"https:\/\/pecht.info\/klassik\"><img loading=\"lazy\" decoding=\"async\" width=\"480\" height=\"402\" src=\"https:\/\/www.pecht.info\/wordpress\/wp-content\/uploads\/2019\/02\/pecht_info_klassik.jpg\" alt=\"\" class=\"wp-image-873\"\/><\/a><\/figure>\n","protected":false},"excerpt":{"rendered":"<p>pecht.info Klassik Sie haben das alte pecht.info, so wie Sie es von 1999 bis Ende 2018 kannten, weiterhin als Archiv f\u00fcr fr\u00fchere Texte zur Verf\u00fcgung &#8211; wir nennen es pecht.info Klassik. Hier kommen sie zu allen Artikel seit 1999 bis Dezember 2018<\/p>\n","protected":false},"author":5,"featured_media":873,"parent":0,"menu_order":0,"comment_status":"closed","ping_status":"closed","template":"","meta":{"_acf_changed":false,"footnotes":""},"archiv_inhaltlich":[],"class_list":["post-874","page","type-page","status-publish","has-post-thumbnail","hentry"],"acf":{"bild":873,"anhang":""},"wps_subtitle":"","_links":{"self":[{"href":"https:\/\/www.pecht.info\/wordpress\/wp-json\/wp\/v2\/pages\/874","targetHints":{"allow":["GET"]}}],"collection":[{"href":"https:\/\/www.pecht.info\/wordpress\/wp-json\/wp\/v2\/pages"}],"about":[{"href":"https:\/\/www.pecht.info\/wordpress\/wp-json\/wp\/v2\/types\/page"}],"author":[{"embeddable":true,"href":"https:\/\/www.pecht.info\/wordpress\/wp-json\/wp\/v2\/users\/5"}],"replies":[{"embeddable":true,"href":"https:\/\/www.pecht.info\/wordpress\/wp-json\/wp\/v2\/comments?post=874"}],"version-history":[{"count":3,"href":"https:\/\/www.pecht.info\/wordpress\/wp-json\/wp\/v2\/pages\/874\/revisions"}],"predecessor-version":[{"id":2976,"href":"https:\/\/www.pecht.info\/wordpress\/wp-json\/wp\/v2\/pages\/874\/revisions\/2976"}],"wp:featuredmedia":[{"embeddable":true,"href":"https:\/\/www.pecht.info\/wordpress\/wp-json\/wp\/v2\/media\/873"}],"wp:attachment":[{"href":"https:\/\/www.pecht.info\/wordpress\/wp-json\/wp\/v2\/media?parent=874"}],"wp:term":[{"taxonomy":"archiv_inhaltlich","embeddable":true,"href":"https:\/\/www.pecht.info\/wordpress\/wp-json\/wp\/v2\/archiv_inhaltlich?post=874"}],"curies":[{"name":"wp","href":"https:\/\/api.w.org\/{rel}","templated":true}]}}